rime factors of q(3).
2, 3, 23
Let a = -12177 + 14594. What are the prime factors of a?
2417
Suppose -29*c - 48 = -483. Suppose -13*a - 3*x = -c*a + 49, -a - 4*x - 3 = 0. What are the prime factors of a?
17
Let q(w) = 3*w**2 + 3*w - 2. Let g be q(1). Suppose -3*n = -6, g*r + n - 1668 = -n. List the prime factors of r.
2, 13
Let z = -1 - -5. Suppose -u - z = u + 3*c, 4*c + 32 = 4*u. What are the prime factors of (u + -6)*2/4 - -97?
2, 3
Let v = -205 + 94. Let s = 54 - 115. Let o = s - v. What are the prime factors of o?
2, 5
List the prime factors of (13/156)/((-4)/(-12))*1636.
409
Let a be (-352)/(-3) - 33/99. Suppose -108*t + a*t = 14445. What are the prime factors of t?
3, 5, 107
Let m = -81 - -86. Suppose 18 = -2*t - m*n, 5*t - n - 2 = 7. What are the prime factors of (-4)/(t - (0 + 54/50))?
2, 5
Let u(d) = -25*d + 30. Let r be 3/(-36) + (-1120)/384. What are the prime factors of u(r)?
3, 5, 7
Let d = -475 - -1758. Let s = -482 + d. What are the prime factors of s?
3, 89
Suppose -306071 = -10*v + 226519. List the prime factors of v.
3, 41, 433
Let k = -188 - -11. Let p = k + 546. List the prime factors of p.
3, 41
Let r be 6 + 0 + -11 + 9. Let u be 2*(4 + -6) + r. What are the prime factors of 35 - (-3 + 3 + 2 + u)?
3, 11
Suppose -252 = -13*y + y. Suppose -y*f + 20*f = -4. Suppose o + 543 = f*o. List the prime factors of o.
181
List the prime factors of 2277/1 - ((-74)/296 - 38/8).
2, 7, 163
Suppose 5*s = -5*u + 90, -s - 42 = -4*s + u. Let j be (s/(-60))/(1/4). What are the prime factors of 1*(-2)/2 - (j + -38)?
2, 19
Let h(w) = 5*w + 543*w**3 - 15150*w**2 + 196*w**3 - 3*w + 15147*w**2. What are the prime factors of h(1)?
2, 3, 41
Let f = 405 + -252. Let p(q) = -3*q**3 - 2*q**2 - 4*q - 4. Let w be p(-3). Let x = f - w. What are the prime factors of x?
2, 41
What are the prime factors of (1 + -963)*((-429)/6)/11?
13, 37
Suppose 3*l - 129120 = -4*y - 0*l, l - 129112 = -4*y. Suppose 32*b = 3*b + y. List the prime factors of b.
3, 7, 53
What are the prime factors of (-7)/28 + (-1573430)/(-88) + (-16)/(-44)?
2, 3, 5, 149
Let n = 135 - 129. Suppose 0 = -4*a - n*a + 50. List the prime factors of a.
5
Suppose -3*t + 18 = 12. Suppose -t*h - 12 = -4*h. Suppose 195 = h*v + 75. List the prime factors of v.
2, 5
Suppose -19*k + 5*o - 37745 = -24*k, 5*k = -3*o + 37737. List the prime factors of k.
3, 5, 503
Suppose 199*c = -2*c + 1816638. List the prime factors of c.
2, 4519
Let s(a) = -13*a**3 - 8*a**2 - 31*a + 19. Let b(x) = 7*x**3 + 5*x**2 + 16*x - 9. Let i(z) = -11*b(z) - 6*s(z). List the prime factors of i(12).
3, 5, 11
Suppose 3*c - 588 - 1020 = -3*k, -k = 7. List the prime factors of c.
3, 181
Let t be (-92 + 99)*(-1)/(2/(-46)). Let f = 301 - t. List the prime factors of f.
2, 5, 7
Suppose 5*y + 1902737 = 81*y - 2119259. What are the prime factors of y?
11, 17, 283
Let f be 301/(-43)*(2 - (0 - 0)). What are the prime factors of 3/2 - (5775/f - 11)?
5, 17
Let m(r) = r**3 + 27*r**2 - 49*r + 30. Let g be (29/((-957)/308))/(1/3). List the prime factors of m(g).
2, 3, 103
Let s(f) = 2*f + 20. Let q be s(-11). What are the prime factors of (20/(-2) - q) + 1387?
7, 197
Let v(n) = -9*n**2 - 5*n - 9. Let x be v(-10). Let b = -464 - x. What are the prime factors of b?
5, 79
List the prime factors of 32/(-28) - -1 - -27*21048/252.
5, 11, 41
List the prime factors of ((-36)/(-15))/(-3) + (-11517)/(-15) + 5.
2, 193
Let p(s) = -25*s**3 - 5*s**2 + 4. Let k be p(-3). Suppose 0 = 2*t - 0*t - k. What are the prime factors of t?
317
Let c = 154 + -41. Let h = -38 + c. What are the prime factors of h?
3, 5
Let t be (164/(-24) + 7)*0. Suppose 59*k - 46*k - 4979 = t. List the prime factors of k.
383
Let c = 11751 + 27445. List the prime factors of c.
2, 41, 239
Let c = 61 + -51. Suppose 19 = c*n - 31. List the prime factors of n.
5
Suppose -2*q = 8*q - 28350. Suppose 0 = -8*z + q + 845. Suppose -f = -6*f + z. List the prime factors of f.
2, 23
List the prime factors of 6407 + (-18)/45*-25.
3, 23, 31
Let x(t) = t**2 + 9*t - 13. Let l be x(24). Suppose -3*w = 5*z - l + 262, 2*z + 176 = w. What are the prime factors of w?
2, 3, 29
Suppose 2*y = 2*h - 0*y - 54, -4*h + 102 = -2*y. Suppose -27*r + h*r = -723. What are the prime factors of r?
241
Let o be (-1 - 0)*(-2 + 0 + 11). Let n(l) = 6*l**2 + l - 17. Let y(b) = 5*b**2 + b - 18. Let w(x) = -3*n(x) + 4*y(x). List the prime factors of w(o).
2, 3, 11
Let h(w) = w**3 + 8*w**2 + 5*w - 9. Let j be h(-7). Suppose -j*y + 4608 - 1533 = 5*l, -4*y + 2433 = -5*l. List the prime factors of y.
2, 3, 17
Let g(u) = 10*u + 4. Let o be g(2). Let k(i) = i - 28. Let x be k(o). What are the prime factors of -26*(3 + -4 + x)?
2, 5, 13
Let w(d) = 16*d**2 + 6*d + 12423. List the prime factors of w(0).
3, 41, 101
List the prime factors of (3/(-3) + 0)/((-297210)/99069 + 3).
33023
Let g(m) = -6*m + 72. Let t = -120 - -129. Let c be g(t). Suppose -3598 = -c*b - 556. What are the prime factors of b?
13
Suppose -n = 0, 2*r + 84 = -7*n + 2*n. Let c be (-3 - r/9)/((-3)/(-18)). What are the prime factors of c/(0 + 4/96)?
2, 3, 5
Suppose -81*q - 237615 = -118*q + 84729. What are the prime factors of q?
2, 3, 11
Suppose -65464 = -4*l - 2*w, 0 = 5*l - 45*w + 40*w - 81845. What are the prime factors of l?
13, 1259
Let v(o) be the second derivative of 7*o**4/8 + 7*o**3/6 - 9*o**2 - 27*o. Let m(y) be the first derivative of v(y). What are the prime factors of m(4)?
7, 13
Let t = -41 - 13. Let u = -59 - t. List the prime factors of (1610/(-3))/(-7)*(-6)/u.
2, 23
Let c(z) = -z**3 + 11*z**2 - 8*z - 22. Let h be c(10). Let l(p) = -10 + 10*p + 8*p - 30*p - 26*p. What are the prime factors of l(h)?
2, 3, 11
Let j(n) = -n**2 + 36*n - 135. Let a be j(31). What are the prime factors of (-2)/(-40)*-2 - (-20802)/a?
2, 5, 13
Let o = 1345 + -206. Suppose 3*s = 2*t + 883, 31*t - 36*t = 4*s - o. List the prime factors of s.
3, 97
Let a = 45160 + -9549. What are the prime factors of a?
149, 239
Let c(i) = 103*i**3 - 2*i**2 + 8*i - 15. Let v be c(5). Suppose -14*r = -39*r + v. List the prime factors of r.
2, 257
Let a(c) = 3*c**3 + 3*c**2 - 21*c + 45. Let q = 48 + -41. List the prime factors of a(q).
2, 3, 179
Suppose 29815 = c + 4*x, -3*c - 5*x = -32165 - 57329. What are the prime factors of c?
11, 2713
Let n = -1057 - -3374. List the prime factors of n.
7, 331
Let r(m) = -m**3 + 45*m**2 - 216*m + 8. List the prime factors of r(27).
2, 41, 89
Let g be -6*(2 + -6*32/36). Suppose -t + 10 = -6*t, -4*d + g = -2*t. What are the prime factors of 20 - (d/(-8))/((-2)/(-8))?
2, 11
Let q(p) = -256*p - 2218. What are the prime factors of q(-20)?
2, 1451
Let z = -69 + 113. Suppose -5*i = -z - 31. Suppose 901 = i*q - 2189. List the prime factors of q.
2, 103
Let c = 3565 + -2246. What are the prime factors of c?
1319
Let b(w) = 2*w**2 - 28*w + 12. Let j be b(11). Suppose 7*m + 5 = 2*m. Let z = m - j. List the prime factors of z.
53
Let i = 20517 + -12326. List the prime factors of i.
8191
Suppose 120 = m + 5*m. Let y be (-2 + m/12)*-9. List the prime factors of y/((-3 + 0)/(-18)).
2, 3
Let s(p) = p**2 - 10*p + 27. Let t be s(5). Let u be t/3*15/2. Suppose -u*m + 101 = -129. What are the prime factors of m?
2, 23
Let z(r) = r + 3. Let l be z(0). Let a be (-1)/(-4)*-2 - (-30)/4. Suppose -254 = -2*v - a*m + l*m, 2*v - 244 = m. List the prime factors of v.
3, 41
Suppose 56*i = 35*i + 147. Suppose 4*m - i*o - 2748 = -6*o, 0 = -m - 4*o + 670. What are the prime factors of m?
2, 7
Let x = 509 + -501. List the prime factors of (x/96*18)/((-3)/(-2224)).
2, 139
Let r be 1*8 - (-36 - 16). What are the prime factors of 1923*5/r*4?
641
Let k = 900 + -334. What are the prime factors of ((-48)/(-3))/(-8)*k/(-4)?
283
Let h = -1070 - -1180. Suppose 7*c - 4*c = 24. Suppose 0 = 2*d - h - c. What are the prime factors of d?
59
Suppose 3*u = -p + 2764, -3*p = -3*u - 5071 - 3173. What are the prime factors of p?
2, 43
Let k be 3866/8 - 45/(-60). Let p = 1142 - k. What are the prime factors of p?
2, 7, 47
Let u be 8/10 + 7 + (-16367)/65. Let f = u + 1049. What are the prime factors of f?
5, 7, 23
Let z(t) = -31*t**3 - 3*t**2 - 3*t - 3. Let g be z(-4). Suppose 12*d - g = 2303. What are the prime factors of d?
2, 3, 59
Suppose -48*v = -6*v - 882. Suppose -v*k = 3*y - 16*k - 2271, 5*k = 5*y - 3785. What are